{"id":67,"date":"2024-06-21T12:31:18","date_gmt":"2024-06-21T10:31:18","guid":{"rendered":"http:\/\/assoact.fr\/?page_id=67"},"modified":"2024-08-15T15:13:58","modified_gmt":"2024-08-15T13:13:58","slug":"pole-artistique","status":"publish","type":"page","link":"https:\/\/assoact.fr\/?page_id=67","title":{"rendered":"P\u00f4le artistique"},"content":{"rendered":"\n<div class=\"wp-block-columns is-layout-flex wp-container-core-columns-is-layout-9d6595d7 wp-block-columns-is-layout-flex\">\n<div class=\"wp-block-column is-layout-flow wp-block-column-is-layout-flow\" style=\"flex-basis:33.33%\">\n<figure class=\"wp-block-image size-full\"><img fetchpriority=\"high\" decoding=\"async\" width=\"500\" height=\"500\" src=\"https:\/\/assoact.fr\/wp-content\/uploads\/2024\/06\/Pole-artistique.png\" alt=\"\" class=\"wp-image-68\" srcset=\"https:\/\/assoact.fr\/wp-content\/uploads\/2024\/06\/Pole-artistique.png 500w, https:\/\/assoact.fr\/wp-content\/uploads\/2024\/06\/Pole-artistique-300x300.png 300w, https:\/\/assoact.fr\/wp-content\/uploads\/2024\/06\/Pole-artistique-150x150.png 150w, https:\/\/assoact.fr\/wp-content\/uploads\/2024\/06\/Pole-artistique-100x100.png 100w, https:\/\/assoact.fr\/wp-content\/uploads\/2024\/06\/Pole-artistique-350x350.png 350w\" sizes=\"(max-width: 500px) 100vw, 500px\" \/><\/figure>\n<\/div>\n\n\n\n<div class=\"wp-block-column is-layout-flow wp-block-column-is-layout-flow\" style=\"flex-basis:66.66%\">\n<h2 class=\"wp-block-heading\">Le P\u00f4le Artistique de l&rsquo;association ACT<\/h2>\n\n\n\n<p>Le <strong>p\u00f4le artistique de l\u2019association ACT <\/strong>a pour <strong>mission <\/strong>d\u2019offrir un espace de soutien et de <strong>d\u00e9veloppement aux artistes<\/strong>. Nous accueillons des cr\u00e9ateurs et les accompagnons dans leurs projets de <strong>cr\u00e9ation,<\/strong> d\u2019<strong>exposition<\/strong> et de <strong>gestion administrative.<\/strong> Notre objectif est de permettre \u00e0 ces artistes de pratiquer leur art, souvent non conventionnel, dans un monde qui l\u2019est. En leur fournissant les ressources et le soutien n\u00e9cessaires, nous <strong>esp\u00e9rons favoriser l\u2019\u00e9panouissement <\/strong>de leur talent et la r\u00e9alisation de leurs ambitions artistiques.<\/p>\n<\/div>\n<\/div>\n\n\n\n<div class=\"wp-block-columns is-layout-flex wp-container-core-columns-is-layout-9d6595d7 wp-block-columns-is-layout-flex\">\n<div class=\"wp-block-column is-layout-flow wp-block-column-is-layout-flow\" style=\"flex-basis:33.33%\"><\/div>\n\n\n\n<div class=\"wp-block-column is-layout-flow wp-block-column-is-layout-flow\" style=\"flex-basis:66.66%\"><\/div>\n<\/div>\n\n\n\n<h2 class=\"wp-block-heading\">Bient\u00f4t le programme des diff\u00e9rentes activit\u00e9s.<\/h2>\n\n\n\n<ul class=\"wp-block-list\">\n<li>Ateliers<\/li>\n\n\n\n<li>Session cr\u00e9ative<\/li>\n\n\n\n<li>Exposition<\/li>\n\n\n\n<li>&#8230;<\/li>\n<\/ul>\n\n\n\n<h2 class=\"wp-block-heading\">Responsable du p\u00f4le Artistique<\/h2>\n\n\n\n<h3 class=\"wp-block-heading has-medium-font-size\">D\u00e9couvrez le travail de Ma\u00eblle GAGGIONE notre responsable du P\u00f4le Artistique<\/h3>\n\n\n\n<p class=\"has-medium-font-size\"><strong>Artiste Artisane et Cr\u00e9atrice Plasticienne<\/strong><\/p>\n\n\n\n<blockquote class=\"wp-block-quote is-layout-flow wp-block-quote-is-layout-flow\">\n<p>Artiste artisane<br>Cr\u00e9atrice plasticienne<br>Le trait,la couleur, la lumi\u00e8re.<br>Mati\u00e8re,\u00e9toffes et m\u00e9tal, plumes,c\u00e9ramique et nacre\u2026<br>Dans mes tiroirs comme des tr\u00e9sors.<\/p>\n\n\n\n<p>Talismans d\u00e9coratifs.<br>Tableaux curiosit\u00e9s ou accessoires du quotidiens.<br>Un peu couturi\u00e8re<br>Un peu peintre.<br>L!illustration cotoye l&rsquo;art abstrait.<br>Paysages int\u00e9rieurs<br>Captation de l&rsquo;\u00e9ph\u00e9m\u00e8re et observation du monde, dans l&rsquo;esprit recyclage et revalorisation.<br>Divers mat\u00e9riaux prennent forme neuves.<br>Instants tann\u00e9e<br>Tiss\u00e9s mel\u00e9s<\/p>\n\n\n\n<p>Tout un monde \u00e0 inventer.<\/p>\n<\/blockquote>\n\n\n\n<h2 class=\"wp-block-heading has-medium-font-size\">Contact du P\u00f4le artistique :<\/h2>\n\n\n\n<div class=\"wp-block-buttons is-content-justification-center is-layout-flex wp-container-core-buttons-is-layout-16018d1d wp-block-buttons-is-layout-flex\">\n<div class=\"wp-block-button has-custom-width wp-block-button__width-75 is-style-outline is-style-outline--1\"><a class=\"wp-block-button__link has-background has-text-align-center wp-element-button\" href=\"mailto:maelle@assoact.fr\" style=\"background-color:#67bdff\">Contactez nous<\/a><\/div>\n<\/div>\n\n\n\n<p class=\"has-text-align-left\">Quelques ouvrages : <\/p>\n\n\n\n<div class=\"wp-block-buttons alignwide is-layout-flex wp-block-buttons-is-layout-flex\"><\/div>\n\n\n\n<figure class=\"wp-block-gallery has-nested-images columns-default is-cropped wp-block-gallery-2 is-layout-flex wp-block-gallery-is-layout-flex\">\n<figure class=\"wp-block-image size-large\"><img decoding=\"async\" width=\"809\" height=\"1024\" data-id=\"339\" src=\"https:\/\/assoact.fr\/wp-content\/uploads\/2024\/08\/bijoux-divers-809x1024.jpg\" alt=\"\" class=\"wp-image-339\" srcset=\"https:\/\/assoact.fr\/wp-content\/uploads\/2024\/08\/bijoux-divers-809x1024.jpg 809w, https:\/\/assoact.fr\/wp-content\/uploads\/2024\/08\/bijoux-divers-237x300.jpg 237w, https:\/\/assoact.fr\/wp-content\/uploads\/2024\/08\/bijoux-divers-768x972.jpg 768w, https:\/\/assoact.fr\/wp-content\/uploads\/2024\/08\/bijoux-divers-1213x1536.jpg 1213w, https:\/\/assoact.fr\/wp-content\/uploads\/2024\/08\/bijoux-divers.jpg 1264w\" sizes=\"(max-width: 809px) 100vw, 809px\" \/><\/figure>\n\n\n\n<figure class=\"wp-block-image size-large\"><img decoding=\"async\" width=\"1024\" height=\"768\" data-id=\"340\" src=\"https:\/\/assoact.fr\/wp-content\/uploads\/2024\/08\/Dessin-le-village-1024x768.jpg\" alt=\"\" class=\"wp-image-340\" srcset=\"https:\/\/assoact.fr\/wp-content\/uploads\/2024\/08\/Dessin-le-village-1024x768.jpg 1024w, https:\/\/assoact.fr\/wp-content\/uploads\/2024\/08\/Dessin-le-village-300x225.jpg 300w, https:\/\/assoact.fr\/wp-content\/uploads\/2024\/08\/Dessin-le-village-768x576.jpg 768w, https:\/\/assoact.fr\/wp-content\/uploads\/2024\/08\/Dessin-le-village-1536x1152.jpg 1536w, https:\/\/assoact.fr\/wp-content\/uploads\/2024\/08\/Dessin-le-village.jpg 1600w\" sizes=\"(max-width: 1024px) 100vw, 1024px\" \/><\/figure>\n\n\n\n<figure class=\"wp-block-image size-large\"><img loading=\"lazy\" decoding=\"async\" width=\"768\" height=\"1024\" data-id=\"145\" src=\"https:\/\/assoact.fr\/wp-content\/uploads\/2024\/06\/etuis-savon-Maelle-768x1024.jpeg\" alt=\"\" class=\"wp-image-145\" srcset=\"https:\/\/assoact.fr\/wp-content\/uploads\/2024\/06\/etuis-savon-Maelle-768x1024.jpeg 768w, https:\/\/assoact.fr\/wp-content\/uploads\/2024\/06\/etuis-savon-Maelle-225x300.jpeg 225w, https:\/\/assoact.fr\/wp-content\/uploads\/2024\/06\/etuis-savon-Maelle-1152x1536.jpeg 1152w, https:\/\/assoact.fr\/wp-content\/uploads\/2024\/06\/etuis-savon-Maelle.jpeg 1200w\" sizes=\"(max-width: 768px) 100vw, 768px\" \/><\/figure>\n\n\n\n<figure class=\"wp-block-image size-large\"><img loading=\"lazy\" decoding=\"async\" width=\"768\" height=\"1024\" data-id=\"81\" src=\"https:\/\/assoact.fr\/wp-content\/uploads\/2024\/06\/Priere-cheyenne-1-Maelle-768x1024.jpeg\" alt=\"\" class=\"wp-image-81\" srcset=\"https:\/\/assoact.fr\/wp-content\/uploads\/2024\/06\/Priere-cheyenne-1-Maelle-768x1024.jpeg 768w, https:\/\/assoact.fr\/wp-content\/uploads\/2024\/06\/Priere-cheyenne-1-Maelle-225x300.jpeg 225w, https:\/\/assoact.fr\/wp-content\/uploads\/2024\/06\/Priere-cheyenne-1-Maelle-1152x1536.jpeg 1152w, https:\/\/assoact.fr\/wp-content\/uploads\/2024\/06\/Priere-cheyenne-1-Maelle.jpeg 1200w\" sizes=\"(max-width: 768px) 100vw, 768px\" \/><\/figure>\n\n\n\n<figure class=\"wp-block-image size-large\"><img loading=\"lazy\" decoding=\"async\" width=\"768\" height=\"1024\" data-id=\"80\" src=\"https:\/\/assoact.fr\/wp-content\/uploads\/2024\/06\/Mini-tableau-Maelle-768x1024.jpeg\" alt=\"\" class=\"wp-image-80\" srcset=\"https:\/\/assoact.fr\/wp-content\/uploads\/2024\/06\/Mini-tableau-Maelle-768x1024.jpeg 768w, https:\/\/assoact.fr\/wp-content\/uploads\/2024\/06\/Mini-tableau-Maelle-225x300.jpeg 225w, https:\/\/assoact.fr\/wp-content\/uploads\/2024\/06\/Mini-tableau-Maelle-1152x1536.jpeg 1152w, https:\/\/assoact.fr\/wp-content\/uploads\/2024\/06\/Mini-tableau-Maelle.jpeg 1200w\" sizes=\"(max-width: 768px) 100vw, 768px\" \/><\/figure>\n\n\n\n<figure class=\"wp-block-image size-large\"><img loading=\"lazy\" decoding=\"async\" width=\"1024\" height=\"768\" data-id=\"76\" src=\"https:\/\/assoact.fr\/wp-content\/uploads\/2024\/06\/Carnets-dessin-Maelle-1024x768.jpeg\" alt=\"\" class=\"wp-image-76\" srcset=\"https:\/\/assoact.fr\/wp-content\/uploads\/2024\/06\/Carnets-dessin-Maelle-1024x768.jpeg 1024w, https:\/\/assoact.fr\/wp-content\/uploads\/2024\/06\/Carnets-dessin-Maelle-300x225.jpeg 300w, https:\/\/assoact.fr\/wp-content\/uploads\/2024\/06\/Carnets-dessin-Maelle-768x576.jpeg 768w, https:\/\/assoact.fr\/wp-content\/uploads\/2024\/06\/Carnets-dessin-Maelle-1536x1152.jpeg 1536w, https:\/\/assoact.fr\/wp-content\/uploads\/2024\/06\/Carnets-dessin-Maelle.jpeg 1600w\" sizes=\"(max-width: 1024px) 100vw, 1024px\" \/><\/figure>\n\n\n\n<figure class=\"wp-block-image size-large\"><img loading=\"lazy\" decoding=\"async\" width=\"1024\" height=\"768\" data-id=\"75\" src=\"https:\/\/assoact.fr\/wp-content\/uploads\/2024\/06\/Broderie-Maelle-1024x768.jpeg\" alt=\"\" class=\"wp-image-75\" srcset=\"https:\/\/assoact.fr\/wp-content\/uploads\/2024\/06\/Broderie-Maelle-1024x768.jpeg 1024w, https:\/\/assoact.fr\/wp-content\/uploads\/2024\/06\/Broderie-Maelle-300x225.jpeg 300w, https:\/\/assoact.fr\/wp-content\/uploads\/2024\/06\/Broderie-Maelle-768x576.jpeg 768w, https:\/\/assoact.fr\/wp-content\/uploads\/2024\/06\/Broderie-Maelle-1536x1152.jpeg 1536w, https:\/\/assoact.fr\/wp-content\/uploads\/2024\/06\/Broderie-Maelle.jpeg 1600w\" sizes=\"(max-width: 1024px) 100vw, 1024px\" \/><\/figure>\n\n\n\n<figure class=\"wp-block-image size-large\"><img loading=\"lazy\" decoding=\"async\" width=\"743\" height=\"1024\" data-id=\"71\" src=\"https:\/\/assoact.fr\/wp-content\/uploads\/2024\/06\/WhatsApp-Image-2024-06-18-at-14.23.29-743x1024.jpeg\" alt=\"\" class=\"wp-image-71\" srcset=\"https:\/\/assoact.fr\/wp-content\/uploads\/2024\/06\/WhatsApp-Image-2024-06-18-at-14.23.29-743x1024.jpeg 743w, https:\/\/assoact.fr\/wp-content\/uploads\/2024\/06\/WhatsApp-Image-2024-06-18-at-14.23.29-218x300.jpeg 218w, https:\/\/assoact.fr\/wp-content\/uploads\/2024\/06\/WhatsApp-Image-2024-06-18-at-14.23.29-768x1059.jpeg 768w, https:\/\/assoact.fr\/wp-content\/uploads\/2024\/06\/WhatsApp-Image-2024-06-18-at-14.23.29.jpeg 1115w\" sizes=\"(max-width: 743px) 100vw, 743px\" \/><\/figure>\n<\/figure>\n\n\n<div class=\"wp-block-image\">\n<figure class=\"aligncenter size-large\"><img loading=\"lazy\" decoding=\"async\" width=\"546\" height=\"1024\" src=\"https:\/\/assoact.fr\/wp-content\/uploads\/2024\/06\/WhatsApp-Image-2024-06-18-at-14.23.30-546x1024.jpeg\" alt=\"\" class=\"wp-image-70\" srcset=\"https:\/\/assoact.fr\/wp-content\/uploads\/2024\/06\/WhatsApp-Image-2024-06-18-at-14.23.30-546x1024.jpeg 546w, https:\/\/assoact.fr\/wp-content\/uploads\/2024\/06\/WhatsApp-Image-2024-06-18-at-14.23.30-160x300.jpeg 160w, https:\/\/assoact.fr\/wp-content\/uploads\/2024\/06\/WhatsApp-Image-2024-06-18-at-14.23.30-768x1441.jpeg 768w, https:\/\/assoact.fr\/wp-content\/uploads\/2024\/06\/WhatsApp-Image-2024-06-18-at-14.23.30.jpeg 779w\" sizes=\"(max-width: 546px) 100vw, 546px\" \/><\/figure>\n<\/div>\n\n\n<p><strong>Suivez l&rsquo;actualit\u00e9 du p\u00f4le artistique sur Facebook ! <\/strong><a href=\"https:\/\/www.facebook.com\/people\/ACT-LAtelier-des-Champs-tiers\/61560868874882\/\" target=\"_blank\" rel=\"noreferrer noopener\">ACT L&rsquo;Atelier des Champs tiers | Facebook<\/a><\/p>\n\n\n\n<p><\/p>\n","protected":false},"excerpt":{"rendered":"<p>Le P\u00f4le Artistique de l&rsquo;association ACT Le p\u00f4le artistique de l\u2019association ACT a pour mission d\u2019offrir un espace de soutien et de d\u00e9veloppement aux artistes. Nous accueillons des cr\u00e9ateurs et les accompagnons dans leurs projets de cr\u00e9ation, d\u2019exposition et de gestion administrative. Notre objectif est de permettre \u00e0 ces artistes [&hellip;]<\/p>\n","protected":false},"author":2,"featured_media":0,"parent":0,"menu_order":0,"comment_status":"closed","ping_status":"closed","template":"","meta":{"footnotes":""},"class_list":["post-67","page","type-page","status-publish","hentry"],"yoast_head":"<!-- This site is optimized with the Yoast SEO plugin v27.5 - https:\/\/yoast.com\/product\/yoast-seo-wordpress\/ -->\n<title>P\u00f4le artistique - ACT<\/title>\n<meta name=\"robots\" content=\"index, follow, max-snippet:-1, max-image-preview:large, max-video-preview:-1\" \/>\n<link rel=\"canonical\" href=\"https:\/\/assoact.fr\/?page_id=67\" \/>\n<meta property=\"og:locale\" content=\"fr_FR\" \/>\n<meta property=\"og:type\" content=\"article\" \/>\n<meta property=\"og:title\" content=\"P\u00f4le artistique - ACT\" \/>\n<meta property=\"og:description\" content=\"Le P\u00f4le Artistique de l&rsquo;association ACT Le p\u00f4le artistique de l\u2019association ACT a pour mission d\u2019offrir un espace de soutien et de d\u00e9veloppement aux artistes. Nous accueillons des cr\u00e9ateurs et les accompagnons dans leurs projets de cr\u00e9ation, d\u2019exposition et de gestion administrative. Notre objectif est de permettre \u00e0 ces artistes [&hellip;]\" \/>\n<meta property=\"og:url\" content=\"https:\/\/assoact.fr\/?page_id=67\" \/>\n<meta property=\"og:site_name\" content=\"ACT\" \/>\n<meta property=\"article:modified_time\" content=\"2024-08-15T13:13:58+00:00\" \/>\n<meta property=\"og:image\" content=\"http:\/\/assoact.fr\/wp-content\/uploads\/2024\/06\/Pole-artistique.png\" \/>\n<meta name=\"twitter:card\" content=\"summary_large_image\" \/>\n<meta name=\"twitter:label1\" content=\"Dur\u00e9e de lecture estim\u00e9e\" \/>\n\t<meta name=\"twitter:data1\" content=\"3 minutes\" \/>\n<script type=\"application\/ld+json\" class=\"yoast-schema-graph\">{\"@context\":\"https:\\\/\\\/schema.org\",\"@graph\":[{\"@type\":\"WebPage\",\"@id\":\"https:\\\/\\\/assoact.fr\\\/?page_id=67\",\"url\":\"https:\\\/\\\/assoact.fr\\\/?page_id=67\",\"name\":\"P\u00f4le artistique - ACT\",\"isPartOf\":{\"@id\":\"https:\\\/\\\/assoact.fr\\\/#website\"},\"primaryImageOfPage\":{\"@id\":\"https:\\\/\\\/assoact.fr\\\/?page_id=67#primaryimage\"},\"image\":{\"@id\":\"https:\\\/\\\/assoact.fr\\\/?page_id=67#primaryimage\"},\"thumbnailUrl\":\"http:\\\/\\\/assoact.fr\\\/wp-content\\\/uploads\\\/2024\\\/06\\\/Pole-artistique.png\",\"datePublished\":\"2024-06-21T10:31:18+00:00\",\"dateModified\":\"2024-08-15T13:13:58+00:00\",\"breadcrumb\":{\"@id\":\"https:\\\/\\\/assoact.fr\\\/?page_id=67#breadcrumb\"},\"inLanguage\":\"fr-FR\",\"potentialAction\":[{\"@type\":\"ReadAction\",\"target\":[\"https:\\\/\\\/assoact.fr\\\/?page_id=67\"]}]},{\"@type\":\"ImageObject\",\"inLanguage\":\"fr-FR\",\"@id\":\"https:\\\/\\\/assoact.fr\\\/?page_id=67#primaryimage\",\"url\":\"http:\\\/\\\/assoact.fr\\\/wp-content\\\/uploads\\\/2024\\\/06\\\/Pole-artistique.png\",\"contentUrl\":\"http:\\\/\\\/assoact.fr\\\/wp-content\\\/uploads\\\/2024\\\/06\\\/Pole-artistique.png\"},{\"@type\":\"BreadcrumbList\",\"@id\":\"https:\\\/\\\/assoact.fr\\\/?page_id=67#breadcrumb\",\"itemListElement\":[{\"@type\":\"ListItem\",\"position\":1,\"name\":\"Accueil\",\"item\":\"https:\\\/\\\/assoact.fr\\\/\"},{\"@type\":\"ListItem\",\"position\":2,\"name\":\"P\u00f4le artistique\"}]},{\"@type\":\"WebSite\",\"@id\":\"https:\\\/\\\/assoact.fr\\\/#website\",\"url\":\"https:\\\/\\\/assoact.fr\\\/\",\"name\":\"ACT\",\"description\":\"Atelier des Champs Tiers\",\"publisher\":{\"@id\":\"https:\\\/\\\/assoact.fr\\\/#organization\"},\"potentialAction\":[{\"@type\":\"SearchAction\",\"target\":{\"@type\":\"EntryPoint\",\"urlTemplate\":\"https:\\\/\\\/assoact.fr\\\/?s={search_term_string}\"},\"query-input\":{\"@type\":\"PropertyValueSpecification\",\"valueRequired\":true,\"valueName\":\"search_term_string\"}}],\"inLanguage\":\"fr-FR\"},{\"@type\":\"Organization\",\"@id\":\"https:\\\/\\\/assoact.fr\\\/#organization\",\"name\":\"ACT\",\"url\":\"https:\\\/\\\/assoact.fr\\\/\",\"logo\":{\"@type\":\"ImageObject\",\"inLanguage\":\"fr-FR\",\"@id\":\"https:\\\/\\\/assoact.fr\\\/#\\\/schema\\\/logo\\\/image\\\/\",\"url\":\"https:\\\/\\\/assoact.fr\\\/wp-content\\\/uploads\\\/2024\\\/06\\\/14.png\",\"contentUrl\":\"https:\\\/\\\/assoact.fr\\\/wp-content\\\/uploads\\\/2024\\\/06\\\/14.png\",\"width\":500,\"height\":500,\"caption\":\"ACT\"},\"image\":{\"@id\":\"https:\\\/\\\/assoact.fr\\\/#\\\/schema\\\/logo\\\/image\\\/\"}}]}<\/script>\n<!-- \/ Yoast SEO plugin. -->","yoast_head_json":{"title":"P\u00f4le artistique - ACT","robots":{"index":"index","follow":"follow","max-snippet":"max-snippet:-1","max-image-preview":"max-image-preview:large","max-video-preview":"max-video-preview:-1"},"canonical":"https:\/\/assoact.fr\/?page_id=67","og_locale":"fr_FR","og_type":"article","og_title":"P\u00f4le artistique - ACT","og_description":"Le P\u00f4le Artistique de l&rsquo;association ACT Le p\u00f4le artistique de l\u2019association ACT a pour mission d\u2019offrir un espace de soutien et de d\u00e9veloppement aux artistes. Nous accueillons des cr\u00e9ateurs et les accompagnons dans leurs projets de cr\u00e9ation, d\u2019exposition et de gestion administrative. Notre objectif est de permettre \u00e0 ces artistes [&hellip;]","og_url":"https:\/\/assoact.fr\/?page_id=67","og_site_name":"ACT","article_modified_time":"2024-08-15T13:13:58+00:00","og_image":[{"url":"http:\/\/assoact.fr\/wp-content\/uploads\/2024\/06\/Pole-artistique.png","type":"","width":"","height":""}],"twitter_card":"summary_large_image","twitter_misc":{"Dur\u00e9e de lecture estim\u00e9e":"3 minutes"},"schema":{"@context":"https:\/\/schema.org","@graph":[{"@type":"WebPage","@id":"https:\/\/assoact.fr\/?page_id=67","url":"https:\/\/assoact.fr\/?page_id=67","name":"P\u00f4le artistique - ACT","isPartOf":{"@id":"https:\/\/assoact.fr\/#website"},"primaryImageOfPage":{"@id":"https:\/\/assoact.fr\/?page_id=67#primaryimage"},"image":{"@id":"https:\/\/assoact.fr\/?page_id=67#primaryimage"},"thumbnailUrl":"http:\/\/assoact.fr\/wp-content\/uploads\/2024\/06\/Pole-artistique.png","datePublished":"2024-06-21T10:31:18+00:00","dateModified":"2024-08-15T13:13:58+00:00","breadcrumb":{"@id":"https:\/\/assoact.fr\/?page_id=67#breadcrumb"},"inLanguage":"fr-FR","potentialAction":[{"@type":"ReadAction","target":["https:\/\/assoact.fr\/?page_id=67"]}]},{"@type":"ImageObject","inLanguage":"fr-FR","@id":"https:\/\/assoact.fr\/?page_id=67#primaryimage","url":"http:\/\/assoact.fr\/wp-content\/uploads\/2024\/06\/Pole-artistique.png","contentUrl":"http:\/\/assoact.fr\/wp-content\/uploads\/2024\/06\/Pole-artistique.png"},{"@type":"BreadcrumbList","@id":"https:\/\/assoact.fr\/?page_id=67#breadcrumb","itemListElement":[{"@type":"ListItem","position":1,"name":"Accueil","item":"https:\/\/assoact.fr\/"},{"@type":"ListItem","position":2,"name":"P\u00f4le artistique"}]},{"@type":"WebSite","@id":"https:\/\/assoact.fr\/#website","url":"https:\/\/assoact.fr\/","name":"ACT","description":"Atelier des Champs Tiers","publisher":{"@id":"https:\/\/assoact.fr\/#organization"},"potentialAction":[{"@type":"SearchAction","target":{"@type":"EntryPoint","urlTemplate":"https:\/\/assoact.fr\/?s={search_term_string}"},"query-input":{"@type":"PropertyValueSpecification","valueRequired":true,"valueName":"search_term_string"}}],"inLanguage":"fr-FR"},{"@type":"Organization","@id":"https:\/\/assoact.fr\/#organization","name":"ACT","url":"https:\/\/assoact.fr\/","logo":{"@type":"ImageObject","inLanguage":"fr-FR","@id":"https:\/\/assoact.fr\/#\/schema\/logo\/image\/","url":"https:\/\/assoact.fr\/wp-content\/uploads\/2024\/06\/14.png","contentUrl":"https:\/\/assoact.fr\/wp-content\/uploads\/2024\/06\/14.png","width":500,"height":500,"caption":"ACT"},"image":{"@id":"https:\/\/assoact.fr\/#\/schema\/logo\/image\/"}}]}},"_links":{"self":[{"href":"https:\/\/assoact.fr\/index.php?rest_route=\/wp\/v2\/pages\/67","targetHints":{"allow":["GET"]}}],"collection":[{"href":"https:\/\/assoact.fr\/index.php?rest_route=\/wp\/v2\/pages"}],"about":[{"href":"https:\/\/assoact.fr\/index.php?rest_route=\/wp\/v2\/types\/page"}],"author":[{"embeddable":true,"href":"https:\/\/assoact.fr\/index.php?rest_route=\/wp\/v2\/users\/2"}],"replies":[{"embeddable":true,"href":"https:\/\/assoact.fr\/index.php?rest_route=%2Fwp%2Fv2%2Fcomments&post=67"}],"version-history":[{"count":17,"href":"https:\/\/assoact.fr\/index.php?rest_route=\/wp\/v2\/pages\/67\/revisions"}],"predecessor-version":[{"id":351,"href":"https:\/\/assoact.fr\/index.php?rest_route=\/wp\/v2\/pages\/67\/revisions\/351"}],"wp:attachment":[{"href":"https:\/\/assoact.fr\/index.php?rest_route=%2Fwp%2Fv2%2Fmedia&parent=67"}],"curies":[{"name":"wp","href":"https:\/\/api.w.org\/{rel}","templated":true}]}}