{"id":51,"date":"2024-06-19T11:53:08","date_gmt":"2024-06-19T09:53:08","guid":{"rendered":"https:\/\/assoact.fr\/?page_id=51"},"modified":"2024-08-01T13:56:58","modified_gmt":"2024-08-01T11:56:58","slug":"pole-agricole","status":"publish","type":"page","link":"https:\/\/assoact.fr\/?page_id=51","title":{"rendered":"P\u00f4le agricole"},"content":{"rendered":"\n<div class=\"wp-block-columns is-layout-flex wp-container-core-columns-is-layout-9d6595d7 wp-block-columns-is-layout-flex\">\n<div class=\"wp-block-column is-layout-flow wp-block-column-is-layout-flow\" style=\"flex-basis:25%\"><\/div>\n\n\n\n<div class=\"wp-block-column is-layout-flow wp-block-column-is-layout-flow\" style=\"flex-basis:50%\">\n<figure class=\"wp-block-image size-full\"><img fetchpriority=\"high\" decoding=\"async\" width=\"500\" height=\"500\" src=\"https:\/\/assoact.fr\/wp-content\/uploads\/2024\/06\/Pole-agricole-1.png\" alt=\"\" class=\"wp-image-59\" srcset=\"https:\/\/assoact.fr\/wp-content\/uploads\/2024\/06\/Pole-agricole-1.png 500w, https:\/\/assoact.fr\/wp-content\/uploads\/2024\/06\/Pole-agricole-1-300x300.png 300w, https:\/\/assoact.fr\/wp-content\/uploads\/2024\/06\/Pole-agricole-1-150x150.png 150w, https:\/\/assoact.fr\/wp-content\/uploads\/2024\/06\/Pole-agricole-1-100x100.png 100w, https:\/\/assoact.fr\/wp-content\/uploads\/2024\/06\/Pole-agricole-1-350x350.png 350w\" sizes=\"(max-width: 500px) 100vw, 500px\" \/><\/figure>\n<\/div>\n\n\n\n<div class=\"wp-block-column is-layout-flow wp-block-column-is-layout-flow\" style=\"flex-basis:25%\"><\/div>\n<\/div>\n\n\n\n<p>Le <strong>p\u00f4le agricole<\/strong> de l&rsquo;association <strong>ACT \u00e0 Corz\u00e9<\/strong> vous invite \u00e0 d\u00e9couvrir et \u00e0 participer \u00e0 notre <strong>jardin collectif<\/strong>, \u00e0 contribuer \u00e0 notre <strong>poulailler participatif<\/strong>, et dans la gestion future de <strong>moutons<\/strong>. <\/p>\n\n\n\n<p>En collaboration avec un apiculteur local, nous produisons du <strong>miel<\/strong> et d\u00e9veloppons de nombreux autres <strong>projets agricoles<\/strong> passionnants.<\/p>\n\n\n\n<p>Encore \u00e0 ses d\u00e9buts, l&rsquo;association vous encourage \u00e0 cultiver l&rsquo;esprit de <strong>partage<\/strong> et de <strong>collaboration<\/strong> au sein de cette belle initiative agricole. <\/p>\n\n\n\n<p>Rejoignez-nous pour <strong>partager<\/strong> vos connaissances, <strong>apprendre<\/strong> de nouvelles comp\u00e9tences et <strong>participer<\/strong> activement \u00e0 la cr\u00e9ation d&rsquo;une communaut\u00e9 agricole durable et solidaire.<\/p>\n\n\n\n<p><strong>Suivez l&rsquo;actualit\u00e9 du p\u00f4le agricole sur Facebook !<\/strong> <a href=\"https:\/\/www.facebook.com\/people\/ACT-LAtelier-des-Champs-tiers\/61560868874882\/\" target=\"_blank\" rel=\"noreferrer noopener\">ACT L&rsquo;Atelier des Champs tiers | Facebook<\/a><\/p>\n\n\n\n<h2 class=\"wp-block-heading\">D\u00e9couvrez nos offre de soutiens <\/h2>\n\n\n\n<iframe id=\"haWidget\" allowtransparency=\"true\" scrolling=\"auto\" src=\"https:\/\/www.helloasso.com\/associations\/la-lardrie\/boutiques\/contribution-au-pole-agri\/widget\" style=\"width: 100%; height: 750px; border: none;\"><\/iframe>\n","protected":false},"excerpt":{"rendered":"<p>Le p\u00f4le agricole de l&rsquo;association ACT \u00e0 Corz\u00e9 vous invite \u00e0 d\u00e9couvrir et \u00e0 participer \u00e0 notre jardin collectif, \u00e0 contribuer \u00e0 notre poulailler participatif, et dans la gestion future de moutons. En collaboration avec un apiculteur local, nous produisons du miel et d\u00e9veloppons de nombreux autres projets agricoles passionnants. [&hellip;]<\/p>\n","protected":false},"author":2,"featured_media":0,"parent":0,"menu_order":0,"comment_status":"closed","ping_status":"closed","template":"","meta":{"footnotes":""},"class_list":["post-51","page","type-page","status-publish","hentry"],"yoast_head":"<!-- This site is optimized with the Yoast SEO plugin v27.5 - https:\/\/yoast.com\/product\/yoast-seo-wordpress\/ -->\n<title>P\u00f4le agricole - ACT<\/title>\n<meta name=\"robots\" content=\"index, follow, max-snippet:-1, max-image-preview:large, max-video-preview:-1\" \/>\n<link rel=\"canonical\" href=\"https:\/\/assoact.fr\/?page_id=51\" \/>\n<meta property=\"og:locale\" content=\"fr_FR\" \/>\n<meta property=\"og:type\" content=\"article\" \/>\n<meta property=\"og:title\" content=\"P\u00f4le agricole - ACT\" \/>\n<meta property=\"og:description\" content=\"Le p\u00f4le agricole de l&rsquo;association ACT \u00e0 Corz\u00e9 vous invite \u00e0 d\u00e9couvrir et \u00e0 participer \u00e0 notre jardin collectif, \u00e0 contribuer \u00e0 notre poulailler participatif, et dans la gestion future de moutons. En collaboration avec un apiculteur local, nous produisons du miel et d\u00e9veloppons de nombreux autres projets agricoles passionnants. [&hellip;]\" \/>\n<meta property=\"og:url\" content=\"https:\/\/assoact.fr\/?page_id=51\" \/>\n<meta property=\"og:site_name\" content=\"ACT\" \/>\n<meta property=\"article:modified_time\" content=\"2024-08-01T11:56:58+00:00\" \/>\n<meta property=\"og:image\" content=\"http:\/\/assoact.fr\/wp-content\/uploads\/2024\/06\/Pole-agricole-1.png\" \/>\n<meta name=\"twitter:card\" content=\"summary_large_image\" \/>\n<meta name=\"twitter:label1\" content=\"Dur\u00e9e de lecture estim\u00e9e\" \/>\n\t<meta name=\"twitter:data1\" content=\"1 minute\" \/>\n<script type=\"application\/ld+json\" class=\"yoast-schema-graph\">{\"@context\":\"https:\\\/\\\/schema.org\",\"@graph\":[{\"@type\":\"WebPage\",\"@id\":\"https:\\\/\\\/assoact.fr\\\/?page_id=51\",\"url\":\"https:\\\/\\\/assoact.fr\\\/?page_id=51\",\"name\":\"P\u00f4le agricole - ACT\",\"isPartOf\":{\"@id\":\"https:\\\/\\\/assoact.fr\\\/#website\"},\"primaryImageOfPage\":{\"@id\":\"https:\\\/\\\/assoact.fr\\\/?page_id=51#primaryimage\"},\"image\":{\"@id\":\"https:\\\/\\\/assoact.fr\\\/?page_id=51#primaryimage\"},\"thumbnailUrl\":\"http:\\\/\\\/assoact.fr\\\/wp-content\\\/uploads\\\/2024\\\/06\\\/Pole-agricole-1.png\",\"datePublished\":\"2024-06-19T09:53:08+00:00\",\"dateModified\":\"2024-08-01T11:56:58+00:00\",\"breadcrumb\":{\"@id\":\"https:\\\/\\\/assoact.fr\\\/?page_id=51#breadcrumb\"},\"inLanguage\":\"fr-FR\",\"potentialAction\":[{\"@type\":\"ReadAction\",\"target\":[\"https:\\\/\\\/assoact.fr\\\/?page_id=51\"]}]},{\"@type\":\"ImageObject\",\"inLanguage\":\"fr-FR\",\"@id\":\"https:\\\/\\\/assoact.fr\\\/?page_id=51#primaryimage\",\"url\":\"http:\\\/\\\/assoact.fr\\\/wp-content\\\/uploads\\\/2024\\\/06\\\/Pole-agricole-1.png\",\"contentUrl\":\"http:\\\/\\\/assoact.fr\\\/wp-content\\\/uploads\\\/2024\\\/06\\\/Pole-agricole-1.png\"},{\"@type\":\"BreadcrumbList\",\"@id\":\"https:\\\/\\\/assoact.fr\\\/?page_id=51#breadcrumb\",\"itemListElement\":[{\"@type\":\"ListItem\",\"position\":1,\"name\":\"Accueil\",\"item\":\"https:\\\/\\\/assoact.fr\\\/\"},{\"@type\":\"ListItem\",\"position\":2,\"name\":\"P\u00f4le agricole\"}]},{\"@type\":\"WebSite\",\"@id\":\"https:\\\/\\\/assoact.fr\\\/#website\",\"url\":\"https:\\\/\\\/assoact.fr\\\/\",\"name\":\"ACT\",\"description\":\"Atelier des Champs Tiers\",\"publisher\":{\"@id\":\"https:\\\/\\\/assoact.fr\\\/#organization\"},\"potentialAction\":[{\"@type\":\"SearchAction\",\"target\":{\"@type\":\"EntryPoint\",\"urlTemplate\":\"https:\\\/\\\/assoact.fr\\\/?s={search_term_string}\"},\"query-input\":{\"@type\":\"PropertyValueSpecification\",\"valueRequired\":true,\"valueName\":\"search_term_string\"}}],\"inLanguage\":\"fr-FR\"},{\"@type\":\"Organization\",\"@id\":\"https:\\\/\\\/assoact.fr\\\/#organization\",\"name\":\"ACT\",\"url\":\"https:\\\/\\\/assoact.fr\\\/\",\"logo\":{\"@type\":\"ImageObject\",\"inLanguage\":\"fr-FR\",\"@id\":\"https:\\\/\\\/assoact.fr\\\/#\\\/schema\\\/logo\\\/image\\\/\",\"url\":\"https:\\\/\\\/assoact.fr\\\/wp-content\\\/uploads\\\/2024\\\/06\\\/14.png\",\"contentUrl\":\"https:\\\/\\\/assoact.fr\\\/wp-content\\\/uploads\\\/2024\\\/06\\\/14.png\",\"width\":500,\"height\":500,\"caption\":\"ACT\"},\"image\":{\"@id\":\"https:\\\/\\\/assoact.fr\\\/#\\\/schema\\\/logo\\\/image\\\/\"}}]}<\/script>\n<!-- \/ Yoast SEO plugin. -->","yoast_head_json":{"title":"P\u00f4le agricole - ACT","robots":{"index":"index","follow":"follow","max-snippet":"max-snippet:-1","max-image-preview":"max-image-preview:large","max-video-preview":"max-video-preview:-1"},"canonical":"https:\/\/assoact.fr\/?page_id=51","og_locale":"fr_FR","og_type":"article","og_title":"P\u00f4le agricole - ACT","og_description":"Le p\u00f4le agricole de l&rsquo;association ACT \u00e0 Corz\u00e9 vous invite \u00e0 d\u00e9couvrir et \u00e0 participer \u00e0 notre jardin collectif, \u00e0 contribuer \u00e0 notre poulailler participatif, et dans la gestion future de moutons. En collaboration avec un apiculteur local, nous produisons du miel et d\u00e9veloppons de nombreux autres projets agricoles passionnants. [&hellip;]","og_url":"https:\/\/assoact.fr\/?page_id=51","og_site_name":"ACT","article_modified_time":"2024-08-01T11:56:58+00:00","og_image":[{"url":"http:\/\/assoact.fr\/wp-content\/uploads\/2024\/06\/Pole-agricole-1.png","type":"","width":"","height":""}],"twitter_card":"summary_large_image","twitter_misc":{"Dur\u00e9e de lecture estim\u00e9e":"1 minute"},"schema":{"@context":"https:\/\/schema.org","@graph":[{"@type":"WebPage","@id":"https:\/\/assoact.fr\/?page_id=51","url":"https:\/\/assoact.fr\/?page_id=51","name":"P\u00f4le agricole - ACT","isPartOf":{"@id":"https:\/\/assoact.fr\/#website"},"primaryImageOfPage":{"@id":"https:\/\/assoact.fr\/?page_id=51#primaryimage"},"image":{"@id":"https:\/\/assoact.fr\/?page_id=51#primaryimage"},"thumbnailUrl":"http:\/\/assoact.fr\/wp-content\/uploads\/2024\/06\/Pole-agricole-1.png","datePublished":"2024-06-19T09:53:08+00:00","dateModified":"2024-08-01T11:56:58+00:00","breadcrumb":{"@id":"https:\/\/assoact.fr\/?page_id=51#breadcrumb"},"inLanguage":"fr-FR","potentialAction":[{"@type":"ReadAction","target":["https:\/\/assoact.fr\/?page_id=51"]}]},{"@type":"ImageObject","inLanguage":"fr-FR","@id":"https:\/\/assoact.fr\/?page_id=51#primaryimage","url":"http:\/\/assoact.fr\/wp-content\/uploads\/2024\/06\/Pole-agricole-1.png","contentUrl":"http:\/\/assoact.fr\/wp-content\/uploads\/2024\/06\/Pole-agricole-1.png"},{"@type":"BreadcrumbList","@id":"https:\/\/assoact.fr\/?page_id=51#breadcrumb","itemListElement":[{"@type":"ListItem","position":1,"name":"Accueil","item":"https:\/\/assoact.fr\/"},{"@type":"ListItem","position":2,"name":"P\u00f4le agricole"}]},{"@type":"WebSite","@id":"https:\/\/assoact.fr\/#website","url":"https:\/\/assoact.fr\/","name":"ACT","description":"Atelier des Champs Tiers","publisher":{"@id":"https:\/\/assoact.fr\/#organization"},"potentialAction":[{"@type":"SearchAction","target":{"@type":"EntryPoint","urlTemplate":"https:\/\/assoact.fr\/?s={search_term_string}"},"query-input":{"@type":"PropertyValueSpecification","valueRequired":true,"valueName":"search_term_string"}}],"inLanguage":"fr-FR"},{"@type":"Organization","@id":"https:\/\/assoact.fr\/#organization","name":"ACT","url":"https:\/\/assoact.fr\/","logo":{"@type":"ImageObject","inLanguage":"fr-FR","@id":"https:\/\/assoact.fr\/#\/schema\/logo\/image\/","url":"https:\/\/assoact.fr\/wp-content\/uploads\/2024\/06\/14.png","contentUrl":"https:\/\/assoact.fr\/wp-content\/uploads\/2024\/06\/14.png","width":500,"height":500,"caption":"ACT"},"image":{"@id":"https:\/\/assoact.fr\/#\/schema\/logo\/image\/"}}]}},"_links":{"self":[{"href":"https:\/\/assoact.fr\/index.php?rest_route=\/wp\/v2\/pages\/51","targetHints":{"allow":["GET"]}}],"collection":[{"href":"https:\/\/assoact.fr\/index.php?rest_route=\/wp\/v2\/pages"}],"about":[{"href":"https:\/\/assoact.fr\/index.php?rest_route=\/wp\/v2\/types\/page"}],"author":[{"embeddable":true,"href":"https:\/\/assoact.fr\/index.php?rest_route=\/wp\/v2\/users\/2"}],"replies":[{"embeddable":true,"href":"https:\/\/assoact.fr\/index.php?rest_route=%2Fwp%2Fv2%2Fcomments&post=51"}],"version-history":[{"count":7,"href":"https:\/\/assoact.fr\/index.php?rest_route=\/wp\/v2\/pages\/51\/revisions"}],"predecessor-version":[{"id":289,"href":"https:\/\/assoact.fr\/index.php?rest_route=\/wp\/v2\/pages\/51\/revisions\/289"}],"wp:attachment":[{"href":"https:\/\/assoact.fr\/index.php?rest_route=%2Fwp%2Fv2%2Fmedia&parent=51"}],"curies":[{"name":"wp","href":"https:\/\/api.w.org\/{rel}","templated":true}]}}